) = 8*f(c) + 5*x(c). What is p(5)?
-8
Let p(s) be the second derivative of -s**5/20 + 2*s**4/3 + 16*s - 1. Give p(8).
0
Let a = -12 + 11. Let l(x) = x**3 - 4*x. Let f(c) = -c**2. Let u(h) = a*l(h) + 2*f(h). Give u(-3).
-3
Let h(s) = s**3 - 7*s**2 + 8*s - 10. Let z = 166 - 160. Determine h(z).
2
Let o(h) = h + 6. Let j(t) = 3*t + 11. Let w(i) = -4*j(i) + 7*o(i). Calculate w(-2).
8
Let r(j) = -6*j**2 - 3*j. Let s(q) be the first derivative of q**3/3 + q - 4. Let l be (0 - (-2)/(-2))*-1. Let i(y) = l*r(y) + 5*s(y). Calculate i(-6).
-13
Let c(u) = u**2 + 5*u + 8. Let k be c(-4). Let p(t) = -t**3 + 3*t**2 + 4*t - 6. Determine p(k).
-6
Let n(l) = 6 - l - 17 + 17. What is n(-8)?
14
Suppose -9*o = -3*o + 108. Let i = o - -16. Let s be ((-2)/i)/((-2)/10). Let w(d) = d**2 + 6*d + 7. What is w(s)?
2
Let z(s) be the third derivative of 1/6*s**3 + 1/24*s**5 + 0 + 0*s**4 + 0*s + 3*s**2. Let x(q) be the first derivative of z(q). Give x(1).
5
Let z(i) = -2*i - 15. Let x = 16 + -14. Let u(y) = y + 8. Let m(o) = x*z(o) + 5*u(o). Suppose -4*b = -9*b. Determine m(b).
10
Let g(u) = -1 + 2 + u - 9. Suppose 83*m = 80*m + 18. Suppose 4*j - 30 = -0*v - 2*v, 4*v = j + m. What is g(j)?
-2
Let d(g) = -g**3 - 8*g**2 + 2*g - 14. Let w(t) = -4*t**3 - 32*t**2 + 10*t - 58. Let m(k) = 9*d(k) - 2*w(k). Calculate m(-8).
6
Let u(y) = -y + 5. Suppose 8*i = 6*i + 16. Suppose -i = 7*c - 3*c. Let v(j) = j - 1. Let x(r) = c*v(r) + u(r). Determine x(5).
-8
Suppose -6*i + 5*y = -5*i + 20, -5*y = -2*i - 15. Let b(l) be the second derivative of -7/12*l**4 + 5/6*l**3 + 1/20*l**i + 0 + 3/2*l**2 + l. Give b(6).
-3
Let q(d) = -d - 3. Let i be 40/(-15)*99/6. Let k be 258/(-33) + 8/i. Calculate q(k).
5
Let t(a) = -a + 6. Suppose 0 = 4*z + 5 + 3. Let n(o) = -o - 1. Let s(v) = z*n(v) - t(v). Give s(4).
8
Let l be (22/(-11))/(2/4). Let b(k) = 2*k**2 - 8*k + 6. Let m(z) = -z**2 + 7*z - 5. Let w(s) = -2*b(s) - 3*m(s). Determine w(l).
7
Let h(y) be the first derivative of 3*y + 5/2*y**2 + 1. Let j(q) = -2*q**2 + 4*q + 4. Let m be j(3). Give h(m).
-7
Let j(w) = 57*w**2 - 39*w - 21. Let n(m) = -16*m**2 + 11*m + 6. Let d(o) = -5*j(o) - 18*n(o). Determine d(-3).
33
Let y(o) = -o**2 + 5*o + 7. Let i(w) = w**2 - 4*w - 9. Let g(c) = 3*i(c) + 4*y(c). What is g(6)?
13
Let v(f) = f + 10. Let q be v(-5). Suppose -8*i + 4*i = -q*x + 176, -x + 48 = -4*i. Suppose -4*m = 8 - x. Let z(u) = u**2 - 8*u + 5. Determine z(m).
-7
Let v(q) = q + 1. Let o(y) = 6*y + 4. Let f(k) = o(k) - 4*v(k). Suppose 3*j - 5*z - 16 = 0, 0*j = -5*j - 5*z - 40. Let s be ((-1)/j)/(1/(-6)). Calculate f(s).
-4
Let p(k) = -k**3 + 6*k**2 + 8*k - 5. Let a be p(7). Let r(t) be the third derivative of -t**4/24 - t**3/6 + 13*t**2. Determine r(a).
-3
Let i(j) = 8*j**3 - j + 6. Let f(k) = -7*k**3 + k - 5. Let n(l) = 5*f(l) + 4*i(l). Suppose -3 = 10*s - 13*s - 5*m, -4*m = -2*s + 2. What is n(s)?
-3
Let v(a) = -a**2 - 4*a + 7. Suppose 48 = -17*l - 54. Determine v(l).
-5
Let n(g) = -g**3 - 4*g**2 + g + 1. Let l be 1/(-8) - 357/24. Let w = l + 11. What is n(w)?
-3
Let y(r) be the third derivative of 11*r**2 + 1/120*r**6 + 1/3*r**3 + 1/12*r**5 + 0 + 1/4*r**4 + 0*r. Calculate y(-4).
-6
Let b(m) = -684*m - 681*m + 1368*m - 5*m**2. Determine b(3).
-36
Let b = 4 - 7. Let d(t) = 2*t + 4. Let z be 3*(34/(-6) - -4). Let x(w) = 2. Let v(u) = z*x(u) + 2*d(u). Determine v(b).
-14
Let c(v) = 0*v - 4 + v - 6. Suppose 0 = -j - 3*h + 8, -13 = 3*j - 6*j + 2*h. Give c(j).
-5
Let l(b) = b**2 - 6*b - 1. Let h(t) = -2*t**2 - 3*t - 6. Let j be h(-2). Let r = j + 15. Give l(r).
6
Let b(f) = -f + 9. Let t(v) = -v**2 - 9*v + 6. Let n be t(-9). What is b(n)?
3
Suppose -4*l = -3*w - 5*l - 68, -2*w - 5*l = 67. Let b(g) = -g - 16. Let u be b(w). Let o(c) = 2*c - 4. What is o(u)?
6
Let p(d) = 10*d**2 + 4*d - 14*d + 5*d - 10 + 0*d + 14*d + d**3. Calculate p(-9).
-10
Let j(o) = -o**3 + 2*o. Suppose 0 = 2*m - 28 - 0. Let c be m/6 + 12/(-36). Give j(c).
-4
Suppose -n = 4*n + g - 26, 23 = 5*n - 2*g. Let h(a) = 5*a**2 - a + 3. Let w(c) = 4*c**2 + 3. Let l(j) = n*h(j) - 6*w(j). Determine l(5).
-3
Suppose 5*u + 5*r - 5 = -30, 4*u + 17 = -r. Let s(p) = p**3 + 4*p**2 + 3*p. Give s(u).
-12
Let z(y) = 15*y**3 - 12*y**2 + 26*y + 3. Let q(o) = 7*o**3 - 5*o**2 + 13*o + 2. Let v(w) = -13*q(w) + 6*z(w). What is v(-5)?
7
Let s(q) = -q**3 + 2*q**2 - 2*q + 10. Let g be s(3). Let x(a) = -a**2 - 2*a + 0 - 2*a - 2 - 2*a. What is x(g)?
3
Let c = 917 + -922. Let m(b) = -b**2 - 8*b - 6. Calculate m(c).
9
Suppose -222 = -69*b - 912. Let r(m) = 2*m**2 + 21*m + 7. Give r(b).
-3
Let s(m) = m**2 + 4*m - 17. Let h be s(-6). Let p(l) = -l**3 - 5*l**2 - l - 5. Let z be p(h). Let j(c) = -c**2 + c - 8. Calculate j(z).
-8
Suppose -5*a - r = -33 + 8, 2*a - 4*r - 10 = 0. Let d(v) be the third derivative of 0 + 0*v - 6*v**2 + 7/24*v**4 - 2/3*v**3 - 1/60*v**5. What is d(a)?
6
Suppose 0 = -10*s - 0*s + 30. Let v(y) = 9*y - 5*y + y - 3*y - s. What is v(4)?
5
Let n(h) = -h**2 - 3*h. Let z be 0 + (18/10)/(1/5). Suppose -5*f - 29 = -z. Give n(f).
-4
Let n be ((-45)/(-18))/((-2)/(-4)). Suppose g = -n + 2. Let t(o) = -o**2 - 2*o + 1. Calculate t(g).
-2
Let m(d) = 5*d**3 - 2*d**2 - 2*d - 1. Let n be m(-1). Suppose 0 - 24 = -2*x. Let u be (-33)/n - x/8. Let i(v) = -2*v**2 + 5*v + 3. Calculate i(u).
-9
Let w(l) = 2*l**2 + 4*l - 3. Let b(q) = q**2 + q - 1. Let x(o) = -3*b(o) + w(o). Let j = -455 - -453. What is x(j)?
-6
Let k(p) = 242 + 2*p - 239 - 5*p. Calculate k(-4).
15
Suppose -41*n + 44*n = 30. Let l(d) = -5*d**3 - 19*d**2 - 25*d + 12. Let o(z) = 3*z**3 + 13*z**2 + 17*z - 8. Let j(t) = -5*l(t) - 8*o(t). What is j(n)?
-6
Let k(f) = -f + 6. Let o = 27 + 30. Let u = o + -52. What is k(u)?
1
Let t(r) = 2*r**2 - 20*r - 14. Let y be t(11). Let n(m) = -m**2 + 9*m - 9. Let a be n(y). Let h(x) = -x**2 + x + 1. Determine h(a).
-1
Let m(q) = 504*q + 8 - 207*q - 298*q. Suppose -4*a = -a + 3*u - 39, 15 = 3*u. Give m(a).
0
Let i(x) = -6*x**3 + 2*x**2 - x. Suppose w + q = 3*q, 5*w + q = 0. Suppose w = c - 2. Suppose c*g - g - 1 = 0. Give i(g).
-5
Let x be 1/4 + 26/(-8). Let l(o) = -721 - 23*o + 725 + 22*o. Calculate l(x).
7
Suppose 76*v - 24*v = -520. Let u(s) = -3*s - 6. Calculate u(v).
24
Let g(h) be the first derivative of -h**5/60 - h**4/8 + h**3/2 + 3*h**2/2 - 11. Let z(k) be the second derivative of g(k). Determine z(-6).
-15
Let y be 2/(-5) + (-27)/45. Let j(r) = -11*r - 1. Calculate j(y).
10
Let u(v) = 0*v + 0*v + 1 - 6*v**3 + 7*v**3 + 20*v**2 - 22*v**2 - 3*v. Let c be 1/3 - (-5)/3. Give u(c).
-5
Let c(h) be the second derivative of 11*h**3/6 + 2*h**2 + 2*h - 248. Determine c(-1).
-7
Let f(p) = p**2 + p. Suppose -4*t + 5 = n, n + 2*n - 5*t - 15 = 0. Let y be 24/7 + (-8)/(-140)*10. Suppose 6*g = y*x + g - 32, 11 = n*x + g. Give f(x).
12
Let z(j) = -j**2 - 9*j + 3. Let p be z(-9). Let v(r) = 6*r**3 - 3*r**2 + r - 7. Let m(b) = 7*b**3 - 3*b**2 + b - 8. Let y(w) = -5*m(w) + 6*v(w). What is y(p)?
1
Let c(r) = -r**2 - 9*r + 9. Suppose 3*m = -4*y + 2*y - 35, 3*y - 33 = 5*m. Let l be c(m). Let n = -11 + l. Let a(t) = -3*t**2 - 2*t + 1. Calculate a(n).
-7
Let c(t) be the first derivative of -t**4/4 + t**3/3 + t**2/2 - 23*t + 192. Give c(0).
-23
Suppose -g + 5*k = -19, -2*k = 4*g - 8 - 2. Let r be (-6)/(1 + 2) + 6. Let o(f) = -2*f - r - 3 + 3 + 3. What is o(g)?
-9
Let g(o) = o**3 + 9*o**2 + 13*o + 5. Suppose 2*h + 22 = 55*y - 59*y, 0 = h + 4*y + 15. Calculate g(h).
12
Suppose 2*g - 97 = -0*g + 5*c, -2*c - 48 = -g. Let q = g + -53. Let s(j) = j**3 + 8*j**2 + 7*j + 4. Determine s(q).
4
Let q(g) = -2*g**3 + 3*g**2 - 2*g. Let s be 835/(-55) - 6/(-33). Let t = -13 - s. Give q(t).
-8
Suppose 0 = 11*x - 9*x + s + 3, 3*x + 2*s + 7 = 0. Let p(l) be the third derivative of l**6/24 + l**5/60 - l**4/24 + l**3/6 + 5*l**2. Calculate p(x).
6
Let m(j) = -j**2 + 6*j. Let f(u) = u - 7. Let a be f(6). Let n = a - -6. Determine m(n).
5
Let u(h) be the second derivative of 5*h**3/2 + h**2/2 - h. Let m be 0 - (6/1 - 5). What is u(m)?
-14
Let v(l) = l - 4. Let c = 25 - 31. Let q(y) = -3*y - 14. Let r be q(c). Let m be v(r). Let k(h) = -h**2 - h + 6. Give k(m).
6
Let u(a) = 4*a**3 - 4*a**2 + 3*a - 1. Let h be 3 + (-2 + 1)*1. Suppose 3*y - 2 = h*y. Determine u(y).
21
Let o(f) = 7*f**2 + 9*f - 11. Let q(p) = -3*p**2 - 3*p + 6. Let y(h) = 4*o(h) + 9*q(h). Calculate y(